{"id":1121,"date":"2020-01-23T14:44:36","date_gmt":"2020-01-23T13:44:36","guid":{"rendered":"http:\/\/lab.jardindigital.com\/aves\/?page_id=1121"},"modified":"2023-11-09T12:09:54","modified_gmt":"2023-11-09T11:09:54","slug":"wir-ueber-uns","status":"publish","type":"page","link":"https:\/\/www.aves-ostkantone.be\/cms\/wir-ueber-uns\/","title":{"rendered":"Wir \u00fcber uns"},"content":{"rendered":"\r\n<p><strong>Seit 1969\u00a0<\/strong>setzt sich\u00a0<strong>AVES-Ostkantone<\/strong>\u00a0f\u00fcr die Belange des Naturschutzes in Ostbelgien ein. Ein heute noch stets aktuelles Thema. Vieles hat sich ge\u00e4ndert, deshalb ist aktiver Naturschutz ohne Bildung und ohne Information im naturkundlichen Bereich nicht m\u00f6glich. Auf diesen Grundpfeilern beruhend, stellt sich das Bet\u00e4tigungsfeld der Vereinigung ohne Gewinnerzielungsabsicht AVES-Ostkantone heute dar. Als anerkannte Erwachsenenbildungsorganisation bietet AVES-Ostkantone unter fachkundiger Leitung eine Reihe von Weiterbildungsangeboten, in Form von Exkursionen, Referaten, Kursen und praktischen Bet\u00e4tigungen im Naturschutz. Mehr zu unseren Veranstaltungen finden Sie unter \u201eVeranstaltungskalender\u201c. Jeder ist eingeladen, sich einzubringen. Sei es als passives oder aktives Mitglied. Zurzeit z\u00e4hlt die Vereinigung rund 700 passive und 20 aktive Mitglieder, die sich einer sinnvollen, lehrreichen und erlebnisreichen Freizeitbesch\u00e4ftigung widmen. Als passives Mitglied unterst\u00fctzen Sie uns mit einem bescheidenen Mitgliedsbeitrag und erhalten unsere Dreimonatszeitschrift \u201eNatur &amp; Umwelt\u201c.<\/p>\r\n<p>Neben der Ornithologie (AVES=lat. \u201eV\u00f6gel), stehen auch botanische, entomologische, chiropterologische oder herpetologische Themen auf dem Programm.<br \/>In unserer Bildungsst\u00e4tte in Worriken (B\u00fctgenbach, B) erhalten Sie telefonisch weitere Ausk\u00fcnfte.<br \/>Gerne senden wir Ihnen unverbindlich auch zus\u00e4tzliches Informationsmaterial zu. Sie finden uns auch auch Facebook unter<br \/><a href=\"https:\/\/www.facebook.com\/AVESostkantone\" target=\"_blank\" rel=\"noopener noreferrer\">https:\/\/www.facebook.com\/AVESostkantone<\/a>.<br \/>Auch hier finden Sie eine F\u00fclle von Informationen, von und \u00fcber AVES-OStkantone VoG.<\/p>\r\n","protected":false},"excerpt":{"rendered":"<div class=\"entry-summary\">\nSeit 1969 setzt sich AVES-Ostkantone f\u00fcr die Belange des Naturschutzes in Ostbelgien ein.\n<\/div>\n<div class=\"link-more\"><a href=\"https:\/\/www.aves-ostkantone.be\/cms\/wir-ueber-uns\/\" class=\"more-link\">Weiterlesen<span class=\"screen-reader-text\"> &ldquo;Wir \u00fcber uns&rdquo;<\/span>&hellip;<\/a><\/div>\n","protected":false},"author":1,"featured_media":0,"parent":0,"menu_order":0,"comment_status":"closed","ping_status":"closed","template":"","meta":{"_mc_calendar":[]},"_links":{"self":[{"href":"https:\/\/www.aves-ostkantone.be\/cms\/wp-json\/wp\/v2\/pages\/1121"}],"collection":[{"href":"https:\/\/www.aves-ostkantone.be\/cms\/wp-json\/wp\/v2\/pages"}],"about":[{"href":"https:\/\/www.aves-ostkantone.be\/cms\/wp-json\/wp\/v2\/types\/page"}],"author":[{"embeddable":true,"href":"https:\/\/www.aves-ostkantone.be\/cms\/wp-json\/wp\/v2\/users\/1"}],"replies":[{"embeddable":true,"href":"https:\/\/www.aves-ostkantone.be\/cms\/wp-json\/wp\/v2\/comments?post=1121"}],"version-history":[{"count":19,"href":"https:\/\/www.aves-ostkantone.be\/cms\/wp-json\/wp\/v2\/pages\/1121\/revisions"}],"predecessor-version":[{"id":2212,"href":"https:\/\/www.aves-ostkantone.be\/cms\/wp-json\/wp\/v2\/pages\/1121\/revisions\/2212"}],"wp:attachment":[{"href":"https:\/\/www.aves-ostkantone.be\/cms\/wp-json\/wp\/v2\/media?parent=1121"}],"curies":[{"name":"wp","href":"https:\/\/api.w.org\/{rel}","templated":true}]}}